t is the hundreds digit of f(22)?
6
Let u(k) = -k**2 + 4*k + 9. Let f be u(5). Suppose 3*m - 4*q + 0*q = -2, f*q = 20. Suppose 850 = m*o - o. What is the units digit of o?
0
Suppose i - 4*w - 2375 = -286, -5*w + 10545 = 5*i. What is the units digit of i?
5
Suppose 9 = -6*a - 3. Let g be (-72)/4 + (0 - a). Let o = 18 + g. What is the units digit of o?
2
Let g(j) = -j**2 - 32*j - 29. Let q be g(-31). Suppose q*i + i = 4*x - 688, -4*x + 672 = i. What is the units digit of x?
9
Suppose 2*t = 85*i - 63*i + 35576, -3*i - 3 = 0. What is the ten thousands digit of t?
1
Let z = -157 - -150. What is the tens digit of (-3)/z + 15218/49?
1
Let s = -52 - -52. Suppose 2*v - 8 = -s. What is the units digit of (-3)/(v/(-76) - -2 - 2)?
7
Suppose 3*h - 5*h + 66 = 2*v, -h + 53 = 5*v. Suppose -h*u + 19183 = -361. What is the tens digit of u?
9
Suppose -36*x = -25*x + 803. Let z = x + 314. What is the tens digit of z?
4
Let q = -22 - -22. Suppose q = -5*j + 7*j. Suppose -16*l + 13*l + 573 = j. What is the units digit of l?
1
What is the hundreds digit of -85 + 103 + (-114522)/(-2)?
2
Let w(m) = 423*m + 3604. What is the hundreds digit of w(89)?
2
Let t(d) = 15*d + 103. Let c be t(-7). What is the units digit of ((-6)/c)/(-1 + (-28)/(-26))?
9
Let a = -48 - -72. Suppose -20*y = -a*y + 292. Let p = 155 - y. What is the tens digit of p?
8
Let z = 638 - 637. Let h(t) = 459*t**2 - t - 1. What is the units digit of h(z)?
7
Suppose 73*l - x = 76*l - 18243, x - 3 = 0. What is the units digit of l?
0
Let m(x) = 2*x**2 + 2*x - 3. Let t(c) = c**2 - 2. Let n be t(2). Let v be m(n). Suppose -4*y - 5*u = -45, -4*y + 48 = u - v. What is the tens digit of y?
1
Let k = 2656 + -2642. What is the units digit of k?
4
Suppose f + 25 = -2*v, 12 + 14 = -2*v - 2*f. Let k be v - (-2 - 8)/5. Let q(t) = -5*t. What is the units digit of q(k)?
0
Suppose 86*z + 623*z = 27470078 - 4082295. What is the units digit of z?
7
Suppose -24*k - 3*k + 81 = 0. Suppose 0 = r + w - 259, -k*r - 2*w + 776 = -0*r. What is the units digit of r?
8
Suppose v = -9 + 49. Suppose -5*d = -j + v, 3*d + 11 + 13 = -2*j. Let f(l) = l**3 + 9*l**2 - l + 10. What is the units digit of f(d)?
2
Let g = -35 - -209. Suppose 2*z - g - 36 = -4*m, 0 = -3*z - m + 340. Suppose -z = -3*f + 98. What is the tens digit of f?
7
Let a(c) = -c**3 + 20*c**2 - 19*c - 6. Suppose -r + 5*r + 3*t = 77, -23 = -r - 2*t. What is the units digit of a(r)?
8
Suppose 229*w - 228*w = j + 33742, -5*w - 5*j + 168630 = 0. What is the thousands digit of w?
3
Suppose -5*m - 5 = 0, p - 3*p + 5 = -5*m. Suppose -3*b + y + 3677 = p, -5*b + 9207 = -3*y + 3072. What is the units digit of b?
4
Suppose 812 = -4*s - 1588. Let a = s - -931. What is the units digit of a?
1
Let s(d) = 15*d + 27. Let n(x) = -15*x - 26. Let g = 51 + -48. Let b(l) = g*n(l) + 2*s(l). What is the units digit of b(-8)?
6
Suppose -3*b + 80 = 3*l - 823, -5*l = -5*b - 1505. Suppose -c = -l - 593. What is the hundreds digit of c?
8
Suppose -83604 = -5*b + 2*n, -2*n - 75591 = -3*b - 25431. What is the tens digit of b?
2
Suppose -3*a - 2235 = -l - 6*a, 4*a - 4 = 0. Suppose 5*s = -f + 2798, 6*s + 4*f = 2*s + l. What is the units digit of s?
0
Let o(f) = 13*f + 24. Let g be o(-2). Let j(p) = 114*p**2 - 4*p - 7. What is the hundreds digit of j(g)?
4
What is the tens digit of ((-182)/56)/(10/(-105443 + 3))?
6
Let k = -46711 + 65969. What is the units digit of k?
8
Let y(w) = -w + 36. Let d be y(-14). Let b = d - 47. Suppose 596 = u + b*u. What is the units digit of u?
9
Let v(f) = 15*f**3 - 2*f**2 + 2*f + 5. Let r be v(-2). Let m = 294 + r. What is the hundreds digit of m?
1
Suppose -37*o + 34*o = -21. Suppose 9*w - o*w - 220 = 0. What is the hundreds digit of w?
1
Let k = -138 - -141. Suppose -3*w - k*q + 4*q + 2121 = 0, -4*w + 2828 = 2*q. Let z = -460 + w. What is the hundreds digit of z?
2
Let n = 39 + -36. Suppose -n*x - h + 692 = 0, 0 = 3*x + 2*h - 0*h - 694. Suppose -2*z = 3*z - x. What is the tens digit of z?
4
Let f = 11251 - 4995. What is the hundreds digit of f?
2
Suppose -24*l = 2*y - 27*l - 60264, 0 = 2*y + 4*l - 60250. What is the thousands digit of y?
0
Let c = -92 - -94. Suppose 0 = c*o - 236 - 782. What is the hundreds digit of o?
5
Suppose 6*k + 1181 = -1789. Let v = k - -878. What is the units digit of v?
3
Let q(d) = 126*d**2 - 14*d + 24. Let k be ((-102)/68)/((-2)/4). What is the hundreds digit of q(k)?
1
Let s(n) = -3*n**3 - 32*n**2 + 22*n - 41. Let q(b) = 7*b**3 + 64*b**2 - 45*b + 81. Let w(g) = -4*q(g) - 9*s(g). What is the tens digit of w(31)?
4
Let l(t) = -t**2 - 2*t - 2. Let h be l(0). What is the hundreds digit of h/(-9) + (-26564)/(-261)?
1
Suppose 2*r + 4*l - 28 = 0, 13 = 3*r - 6*r + 5*l. Suppose 4*c - 35 - 140 = -h, c - 31 = r*h. Let u = c - 1. What is the tens digit of u?
4
Let l = 3770 - 3767. Let x(u) = 11*u**2 + 10*u**2 + 1 + 2*u**2. What is the tens digit of x(l)?
0
Let m be (-279)/(-7) - 56/(-392). What is the units digit of (-30)/m - 3086/(-8)?
5
What is the thousands digit of 990808/130 + (-4)/(-60)*21?
7
Let m = -110438 - -194502. What is the thousands digit of m?
4
Suppose 3190 = 13*i - 2*i. Suppose -i*y = -291*y + 1543. What is the hundreds digit of y?
5
Suppose k - 5*k - 12 = 0, 0 = 2*b - 3*k - 17. Suppose 2*w + 3*w - 757 = b*u, -5*u = 15. What is the hundreds digit of w?
1
Suppose 0 = 5*f + 5*o - 20, -4*f + 2*o + 2 = -2. Suppose -f*l - 5*j + 1131 = 0, -4*l + j + 1125 = -2*l. What is the units digit of l?
3
Let x(y) = 9*y**2 + 4*y - 7. Let v = 99 + -110. Let c be ((-4)/v)/((-2)/(-11)). What is the tens digit of x(c)?
3
What is the units digit of 48/42 + (-296610)/(-105)?
6
Let l(t) = 14*t**2 - 14*t + 7. Suppose 288*j - 6 = 289*j. What is the units digit of l(j)?
5
Let c(v) = v + 41. Let z be c(0). Let f = z + 491. What is the units digit of f?
2
Suppose 11*f + 90 = 12*f. Suppose 61*u - f*u = -44109. What is the thousands digit of u?
1
Let i = 11092 + -2825. What is the thousands digit of i?
8
Suppose -10*f - 33 = -6*f + y, -3*y = f. Let w(z) = -92*z + 20. What is the tens digit of w(f)?
4
Let b = 15826 + -9963. What is the hundreds digit of b?
8
Let a = -1 + -49. Let v = -99 - a. Let d = -35 - v. What is the tens digit of d?
1
Let m(x) = x**2 + 10*x - 5. Let l be m(4). Suppose 2*w - l = 199. What is the hundreds digit of w?
1
Let r = -22 - -31. Suppose 3*l = -3*a + 1434, 2*a - 6*a + 1432 = 3*l. Suppose -r*y + l = -y. What is the units digit of y?
0
Let c be (2/(-4))/((-6)/(-1920)). Let r = c - -90. Let m = -40 - r. What is the units digit of m?
0
Let q = 482 - 480. Let y(u) = -7*u**2 - 2*u. Let d be y(-2). What is the units digit of d*((-10)/(-6))/(q/(-8))?
0
What is the thousands digit of 4663 + (9/(90/70) - -5)?
4
Let p(y) = y**2 + 11*y + 19. Suppose 3*v + 5 + 25 = 0. Let d be p(v). Let q(m) = -m**2 + 9*m + 15. What is the tens digit of q(d)?
1
Suppose -4*d + 0*d = 28. Suppose 0 = 7*l - 425 - 380. Let m = l + d. What is the tens digit of m?
0
Let p = -2050 + 3357. What is the tens digit of p?
0
Let g(r) = 18*r + 12. Suppose -2*v + 5*w = -28, -2*v - 2*w - 20 = -5*v. Let s be g(v). Suppose 3*i - s = -0*i. What is the tens digit of i?
2
Suppose 0 = -267*f + 225*f + 713328. What is the hundreds digit of f?
9
Suppose 58*t - 2505 - 10429 = 0. Suppose -4*i = -316 + 60. Let w = t - i. What is the units digit of w?
9
Suppose 5*k - 296823 = -0*k - 64608. What is the thousands digit of k?
6
Suppose 3*m = -4*x - 114, -98 = 4*x - m - 4*m. Let n = 52 + x. Let w = 47 - n. What is the units digit of w?
2
Let v = 3289 - 1712. Let a = -1034 + v. What is the hundreds digit of a?
5
Let x(j) = 3*j**2 + 1 + 2*j - 12*j**2 + j**2 + 7*j**2. Let n be x(3). What is the tens digit of 32/(-20) - n - 536/(-10)?
5
Suppose 3*i + 4*i + 203 = 0. Let x = -28 + i. Let n = 145 + x. What is the tens digit of n?
8
Let g(x) = -6*x + 58. Let s be g(9). What is the tens digit of -1*s/(-16) - 10614/(-8)?
2
Let x = -13247 - -16484. What is the units digit of x?
7
Let k(f) = -f**3 + 26*f**2 + 36*f + 9. Let r be k(27). Suppose -5*z + 136 = 3*i, -5*i = 3*z - z - r. Suppose 78 = i*c - 51*c. What is the tens digit of c?
7
What is the thousands digit of 59551/2 + (-459)/(-34) + -15?
9
Let i be 900/175 - 2/14. Suppose -346 - 363 = -4*q + 5*w, -i*q - 5*w + 920 = 0. Suppose -4*d + q = 37. What is the units